{"id":167,"date":"2026-03-02T13:32:04","date_gmt":"2026-03-02T13:32:04","guid":{"rendered":"https:\/\/gracious-mendeleev.217-13-84-160.plesk.page\/?page_id=167"},"modified":"2026-03-03T11:51:03","modified_gmt":"2026-03-03T11:51:03","slug":"filosofia","status":"publish","type":"page","link":"https:\/\/gracious-mendeleev.217-13-84-160.plesk.page\/?page_id=167","title":{"rendered":"Filosof\u00eda"},"content":{"rendered":"<div data-colibri-id=\"167-c1\" class=\"style-349 style-local-167-c1 position-relative\">\n  <!---->\n  <div data-colibri-component=\"section\" data-colibri-id=\"167-c2\" id=\"about\" class=\"h-section h-section-global-spacing d-flex align-items-lg-center align-items-md-center align-items-center style-350 style-local-167-c2 position-relative\">\n    <!---->\n    <!---->\n    <div class=\"h-section-grid-container h-section-boxed-container\">\n      <!---->\n      <div data-colibri-id=\"167-c3\" class=\"h-row-container gutters-row-lg-2 gutters-row-md-2 gutters-row-2 gutters-row-v-lg-2 gutters-row-v-md-2 gutters-row-v-2 style-351 style-local-167-c3 position-relative\">\n        <!---->\n        <div class=\"h-row justify-content-lg-center justify-content-md-center justify-content-center align-items-lg-stretch align-items-md-stretch align-items-stretch gutters-col-lg-2 gutters-col-md-2 gutters-col-2 gutters-col-v-lg-2 gutters-col-v-md-2 gutters-col-v-2\">\n          <!---->\n          <div class=\"h-column h-column-container d-flex h-col-lg-auto h-col-md-auto h-col-auto style-352-outer style-local-167-c4-outer\">\n            <div data-colibri-id=\"167-c4\" class=\"d-flex h-flex-basis h-column__inner h-px-lg-2 h-px-md-2 h-px-2 v-inner-lg-2 v-inner-md-2 v-inner-2 style-352 style-local-167-c4 position-relative\">\n              <!---->\n              <!---->\n              <div class=\"w-100 h-y-container h-column__content h-column__v-align flex-basis-100 align-self-lg-center align-self-md-center align-self-center\">\n                <!---->\n                <div data-colibri-id=\"167-c6\" class=\"h-global-transition-all h-heading style-354 style-local-167-c6 position-relative h-element\">\n                  <!---->\n                  <div class=\"h-heading__outer style-354 style-local-167-c6\">\n                    <!---->\n                    <!---->\n                    <h2 class=\"\">NUESTRA FILOSOF\u00cdA<\/h2>\n                  <\/div>\n                <\/div>\n                <div data-colibri-id=\"167-c7\" class=\"h-lead h-text h-text-component style-355 style-local-167-c7 position-relative h-element\">\n                  <!---->\n                  <!---->\n                  <div class=\"\">\n                    <p>En AURA no dise\u00f1amos joyas.\n                      <br> Dise\u00f1amos presencia.<\/p>\n                    <p>Creemos en la fuerza silenciosa, en la elegancia que no necesita permiso y en la luz que nace desde dentro. Cada pieza surge del di\u00e1logo entre el metal y la piedra, donde la materia se transforma en car\u00e1cter y la forma en identidad.<\/p>\n                    <p>Nuestra creaci\u00f3n parte del equilibrio:\n                      <br> entre delicadeza y firmeza,\n                      <br> entre tradici\u00f3n y modernidad,\n                      <br> entre sombra y brillo.<\/p>\n                    <p>No seguimos tendencias.\n                      <br> Creamos piezas destinadas a permanecer.<\/p>\n                    <p>Porque el verdadero lujo no se impone.\n                      <br> Se siente.<\/p>\n                  <\/div>\n                <\/div>\n                <div data-colibri-id=\"167-c8\" class=\"h-x-container style-356 style-local-167-c8 position-relative h-element\">\n                  <!---->\n                  <div class=\"h-x-container-inner style-dynamic-167-c8-group style-356-spacing style-local-167-c8-spacing\"><span class=\"h-button__outer style-357-outer style-local-167-c9-outer d-inline-flex h-element\"><a h-use-smooth-scroll=\"true\" href=\"\"  data-colibri-id=\"167-c9\" class=\"d-flex w-100 align-items-center h-button justify-content-lg-center justify-content-md-center justify-content-center style-357 style-local-167-c9 position-relative\"><!----><!----> <span>CONOCE M\u00c1S<\/span><\/a>\n                    <\/span>\n                  <\/div>\n                <\/div>\n              <\/div>\n            <\/div>\n          <\/div>\n          <div class=\"h-column h-column-container d-flex h-col-lg-auto h-col-md-auto h-col-auto style-358-outer style-local-167-c10-outer\">\n            <div data-colibri-id=\"167-c10\" class=\"d-flex h-flex-basis h-column__inner h-px-lg-2 h-px-md-2 h-px-2 v-inner-lg-2 v-inner-md-2 v-inner-2 style-358 style-local-167-c10 position-relative\">\n              <!---->\n              <!---->\n              <div class=\"w-100 h-y-container h-column__content h-column__v-align flex-basis-100 align-self-lg-center align-self-md-center align-self-center\">\n                <!---->\n                <div data-colibri-id=\"167-c11\" class=\"d-block style-359 style-local-167-c11 position-relative h-element\">\n                  <!---->\n                  <div class=\"h-image__frame-container-outer\">\n                    <div class=\"h-image__frame-container\">\n                      <!---->\n                      <!---->\n                      <img loading=\"lazy\" decoding=\"async\" width=\"736\" height=\"414\" src=\"https:\/\/gracious-mendeleev.217-13-84-160.plesk.page\/wp-content\/uploads\/2026\/03\/contacto.jpg\" class=\"wp-image-264 style-359-image style-local-167-c11-image\" alt=\"\" srcset=\"https:\/\/gracious-mendeleev.217-13-84-160.plesk.page\/wp-content\/uploads\/2026\/03\/contacto.jpg 736w, https:\/\/gracious-mendeleev.217-13-84-160.plesk.page\/wp-content\/uploads\/2026\/03\/contacto-300x169.jpg 300w, https:\/\/gracious-mendeleev.217-13-84-160.plesk.page\/wp-content\/uploads\/2026\/03\/contacto-600x338.jpg 600w\" sizes=\"auto, (max-width: 736px) 100vw, 736px\" \/>\n                      <div class=\"h-image__frame h-hide-sm style-359-frameImage style-local-167-c11-frameImage\"><\/div>\n                    <\/div>\n                  <\/div>\n                <\/div>\n              <\/div>\n            <\/div>\n          <\/div>\n        <\/div>\n      <\/div>\n    <\/div>\n  <\/div>\n<\/div>","protected":false},"excerpt":{"rendered":"<p>NUESTRA FILOSOF\u00cdA En AURA no dise\u00f1amos joyas. Dise\u00f1amos presencia. Creemos en la fuerza [&hellip;]<\/p>\n","protected":false},"author":1,"featured_media":0,"parent":0,"menu_order":0,"comment_status":"closed","ping_status":"closed","template":"page-templates\/full-width-page.php","meta":{"footnotes":""},"class_list":["post-167","page","type-page","status-publish","hentry"],"jetpack_sharing_enabled":true,"_links":{"self":[{"href":"https:\/\/gracious-mendeleev.217-13-84-160.plesk.page\/index.php?rest_route=\/wp\/v2\/pages\/167","targetHints":{"allow":["GET"]}}],"collection":[{"href":"https:\/\/gracious-mendeleev.217-13-84-160.plesk.page\/index.php?rest_route=\/wp\/v2\/pages"}],"about":[{"href":"https:\/\/gracious-mendeleev.217-13-84-160.plesk.page\/index.php?rest_route=\/wp\/v2\/types\/page"}],"author":[{"embeddable":true,"href":"https:\/\/gracious-mendeleev.217-13-84-160.plesk.page\/index.php?rest_route=\/wp\/v2\/users\/1"}],"replies":[{"embeddable":true,"href":"https:\/\/gracious-mendeleev.217-13-84-160.plesk.page\/index.php?rest_route=%2Fwp%2Fv2%2Fcomments&post=167"}],"version-history":[{"count":2,"href":"https:\/\/gracious-mendeleev.217-13-84-160.plesk.page\/index.php?rest_route=\/wp\/v2\/pages\/167\/revisions"}],"predecessor-version":[{"id":282,"href":"https:\/\/gracious-mendeleev.217-13-84-160.plesk.page\/index.php?rest_route=\/wp\/v2\/pages\/167\/revisions\/282"}],"wp:attachment":[{"href":"https:\/\/gracious-mendeleev.217-13-84-160.plesk.page\/index.php?rest_route=%2Fwp%2Fv2%2Fmedia&parent=167"}],"curies":[{"name":"wp","href":"https:\/\/api.w.org\/{rel}","templated":true}]}}