{"id":175,"date":"2026-03-02T13:34:04","date_gmt":"2026-03-02T13:34:04","guid":{"rendered":"https:\/\/gracious-mendeleev.217-13-84-160.plesk.page\/?page_id=175"},"modified":"2026-03-03T11:16:29","modified_gmt":"2026-03-03T11:16:29","slug":"coleccion-2026","status":"publish","type":"page","link":"https:\/\/gracious-mendeleev.217-13-84-160.plesk.page\/?page_id=175","title":{"rendered":"Colecci\u00f3n 2026"},"content":{"rendered":"<div data-colibri-id=\"175-c1\" class=\"style-315 style-local-175-c1 position-relative\">\n  <!---->\n  <div data-colibri-component=\"section\" data-colibri-id=\"175-c2\" id=\"about\" class=\"h-section h-section-global-spacing d-flex align-items-lg-center align-items-md-center align-items-center style-316 style-local-175-c2 position-relative\">\n    <!---->\n    <!---->\n    <div class=\"h-section-grid-container h-section-boxed-container\">\n      <!---->\n      <div data-colibri-id=\"175-c3\" class=\"h-row-container gutters-row-lg-0 gutters-row-md-0 gutters-row-0 gutters-row-v-lg-0 gutters-row-v-md-0 gutters-row-v-0 style-317 style-local-175-c3 position-relative\">\n        <!---->\n        <div class=\"h-row justify-content-lg-center justify-content-md-center justify-content-center align-items-lg-stretch align-items-md-stretch align-items-stretch gutters-col-lg-0 gutters-col-md-0 gutters-col-0 gutters-col-v-lg-0 gutters-col-v-md-0 gutters-col-v-0\">\n          <!---->\n          <div class=\"h-column h-column-container d-flex h-col-lg-auto h-col-md-auto h-col-auto style-318-outer style-local-175-c4-outer\">\n            <div data-colibri-id=\"175-c4\" class=\"d-flex h-flex-basis h-column__inner h-ui-empty-state-container h-px-lg-0 h-px-md-0 h-px-0 v-inner-lg-0 v-inner-md-0 v-inner-0 style-318 style-local-175-c4 position-relative\">\n              <!---->\n              <!---->\n              <div class=\"w-100 h-y-container h-column__content h-column__v-align flex-basis-100\">\n                <!---->\n              <\/div>\n            <\/div>\n          <\/div>\n          <div class=\"h-column h-column-container d-flex h-col-lg-auto h-col-md-auto h-col-auto style-319-outer style-local-175-c5-outer\">\n            <div data-colibri-id=\"175-c5\" class=\"d-flex h-flex-basis h-column__inner h-px-lg-2 h-px-md-2 h-px-2 v-inner-lg-2 v-inner-md-2 v-inner-2 style-319 style-local-175-c5 position-relative\">\n              <!---->\n              <!---->\n              <div class=\"w-100 h-y-container h-column__content h-column__v-align flex-basis-100 align-self-lg-start align-self-md-start align-self-start\">\n                <!---->\n                <div data-colibri-id=\"175-c6\" class=\"h-global-transition-all h-heading style-320 style-local-175-c6 position-relative h-element\">\n                  <!---->\n                  <div class=\"h-heading__outer style-320 style-local-175-c6\">\n                    <!---->\n                    <!---->\n                    <h5 class=\"\">Anillo Esmeralda Imperial<\/h5>\n                  <\/div>\n                <\/div>\n                <div data-colibri-id=\"175-c7\" class=\"h-global-transition-all h-heading style-321 style-local-175-c7 position-relative h-element\">\n                  <!---->\n                  <div class=\"h-heading__outer style-321 style-local-175-c7\">\n                    <!---->\n                    <!---->\n                    <h2 class=\"\">Dise\u00f1ado para destacar, creado para durar 890 \u20ac<\/h2>\n                  <\/div>\n                <\/div>\n                <div data-colibri-id=\"175-c8\" class=\"h-text h-text-component style-322 style-local-175-c8 position-relative h-element\">\n                  <!---->\n                  <!---->\n                  <div class=\"\">\n                    <p>Cada detalle de este anillo ha sido cuidadosamente trabajado para reflejar elegancia, car\u00e1cter y distinci\u00f3n. La esmeralda central, intensa y luminosa, aporta una presencia magn\u00e9tica que transforma cualquier gesto en una declaraci\u00f3n\n                      de estilo.<\/p>\n                  <\/div>\n                <\/div>\n              <\/div>\n            <\/div>\n          <\/div>\n        <\/div>\n      <\/div>\n    <\/div>\n  <\/div>\n  <div data-colibri-component=\"section\" data-colibri-id=\"175-c9\" id=\"about-2\" class=\"h-section h-section-global-spacing d-flex align-items-lg-center align-items-md-center align-items-center style-323 style-local-175-c9 position-relative\">\n    <!---->\n    <!---->\n    <div class=\"h-section-grid-container h-section-boxed-container\">\n      <!---->\n      <div data-colibri-id=\"175-c10\" class=\"h-row-container gutters-row-lg-0 gutters-row-md-0 gutters-row-0 gutters-row-v-lg-0 gutters-row-v-md-0 gutters-row-v-0 style-324 style-local-175-c10 position-relative\">\n        <!---->\n        <div class=\"h-row justify-content-lg-center justify-content-md-center justify-content-center align-items-lg-stretch align-items-md-stretch align-items-stretch gutters-col-lg-0 gutters-col-md-0 gutters-col-0 gutters-col-v-lg-0 gutters-col-v-md-0 gutters-col-v-0\">\n          <!---->\n          <div class=\"h-column h-column-container d-flex h-col-lg-auto h-col-md-auto h-col-auto style-325-outer style-local-175-c11-outer\">\n            <div data-colibri-id=\"175-c11\" class=\"d-flex h-flex-basis h-column__inner h-ui-empty-state-container h-px-lg-0 h-px-md-0 h-px-0 v-inner-lg-0 v-inner-md-0 v-inner-0 style-325 style-local-175-c11 position-relative\">\n              <!---->\n              <!---->\n              <div class=\"w-100 h-y-container h-column__content h-column__v-align flex-basis-100\">\n                <!---->\n              <\/div>\n            <\/div>\n          <\/div>\n          <div class=\"h-column h-column-container d-flex h-col-lg-auto h-col-md-auto h-col-auto style-326-outer style-local-175-c12-outer\">\n            <div data-colibri-id=\"175-c12\" class=\"d-flex h-flex-basis h-column__inner h-px-lg-2 h-px-md-2 h-px-2 v-inner-lg-2 v-inner-md-2 v-inner-2 style-326 style-local-175-c12 position-relative\">\n              <!---->\n              <!---->\n              <div class=\"w-100 h-y-container h-column__content h-column__v-align flex-basis-100 align-self-lg-start align-self-md-start align-self-start\">\n                <!---->\n                <div data-colibri-id=\"175-c13\" class=\"h-global-transition-all h-heading style-327 style-local-175-c13 position-relative h-element\">\n                  <!---->\n                  <div class=\"h-heading__outer style-327 style-local-175-c13\">\n                    <!---->\n                    <!---->\n                    <h5 class=\"\">Pendientes Esmeralda Imperial<\/h5>\n                  <\/div>\n                <\/div>\n                <div data-colibri-id=\"175-c14\" class=\"h-global-transition-all h-heading style-328 style-local-175-c14 position-relative h-element\">\n                  <!---->\n                  <div class=\"h-heading__outer style-328 style-local-175-c14\">\n                    <!---->\n                    <!---->\n                    <h2 class=\"\">Pensados para iluminar, creados para brillar&nbsp;1.150 \u20ac<\/h2>\n                  <\/div>\n                <\/div>\n                <div data-colibri-id=\"175-c15\" class=\"h-text h-text-component style-329 style-local-175-c15 position-relative h-element\">\n                  <!---->\n                  <!---->\n                  <div class=\"\">\n                    <p>Cada detalle de estos pendientes ha sido dise\u00f1ado para aportar luz, equilibrio y sofisticaci\u00f3n en cada movimiento. Su ca\u00edda estilizada y el brillo profundo de la esmeralda crean una presencia delicada pero inolvidable.<\/p>\n                  <\/div>\n                <\/div>\n              <\/div>\n            <\/div>\n          <\/div>\n        <\/div>\n      <\/div>\n    <\/div>\n  <\/div>\n  <div data-colibri-component=\"section\" data-colibri-id=\"175-c16\" id=\"about-3\" class=\"h-section h-section-global-spacing d-flex align-items-lg-center align-items-md-center align-items-center style-330 style-local-175-c16 position-relative\">\n    <!---->\n    <!---->\n    <div class=\"h-section-grid-container h-section-boxed-container\">\n      <!---->\n      <div data-colibri-id=\"175-c17\" class=\"h-row-container gutters-row-lg-0 gutters-row-md-0 gutters-row-0 gutters-row-v-lg-0 gutters-row-v-md-0 gutters-row-v-0 style-331 style-local-175-c17 position-relative\">\n        <!---->\n        <div class=\"h-row justify-content-lg-center justify-content-md-center justify-content-center align-items-lg-stretch align-items-md-stretch align-items-stretch gutters-col-lg-0 gutters-col-md-0 gutters-col-0 gutters-col-v-lg-0 gutters-col-v-md-0 gutters-col-v-0\">\n          <!---->\n          <div class=\"h-column h-column-container d-flex h-col-lg-auto h-col-md-auto h-col-auto style-332-outer style-local-175-c18-outer\">\n            <div data-colibri-id=\"175-c18\" class=\"d-flex h-flex-basis h-column__inner h-ui-empty-state-container h-px-lg-0 h-px-md-0 h-px-0 v-inner-lg-0 v-inner-md-0 v-inner-0 style-332 style-local-175-c18 position-relative\">\n              <!---->\n              <!---->\n              <div class=\"w-100 h-y-container h-column__content h-column__v-align flex-basis-100\">\n                <!---->\n              <\/div>\n            <\/div>\n          <\/div>\n          <div class=\"h-column h-column-container d-flex h-col-lg-auto h-col-md-auto h-col-auto style-333-outer style-local-175-c19-outer\">\n            <div data-colibri-id=\"175-c19\" class=\"d-flex h-flex-basis h-column__inner h-px-lg-2 h-px-md-2 h-px-2 v-inner-lg-2 v-inner-md-2 v-inner-2 style-333 style-local-175-c19 position-relative\">\n              <!---->\n              <!---->\n              <div class=\"w-100 h-y-container h-column__content h-column__v-align flex-basis-100 align-self-lg-start align-self-md-start align-self-start\">\n                <!---->\n                <div data-colibri-id=\"175-c20\" class=\"h-global-transition-all h-heading style-334 style-local-175-c20 position-relative h-element\">\n                  <!---->\n                  <div class=\"h-heading__outer style-334 style-local-175-c20\">\n                    <!---->\n                    <!---->\n                    <h5 class=\"\">Collar Esmeralda Imperial<\/h5>\n                  <\/div>\n                <\/div>\n                <div data-colibri-id=\"175-c21\" class=\"h-global-transition-all h-heading style-335 style-local-175-c21 position-relative h-element\">\n                  <!---->\n                  <div class=\"h-heading__outer style-335 style-local-175-c21\">\n                    <!---->\n                    <!---->\n                    <h2 class=\"\">Creado para envolver, dise\u00f1ado para impresionar&nbsp;1.450 \u20ac<\/h2>\n                  <\/div>\n                <\/div>\n                <div data-colibri-id=\"175-c22\" class=\"h-text h-text-component style-336 style-local-175-c22 position-relative h-element\">\n                  <!---->\n                  <!---->\n                  <div class=\"\">\n                    <p>Cada detalle de este collar ha sido creado para envolver el cuello con armon\u00eda y car\u00e1cter. La esmeralda central, acompa\u00f1ada de destellos sutiles, aporta una elegancia firme que realza la belleza natural con distinci\u00f3n.<\/p>\n                  <\/div>\n                <\/div>\n              <\/div>\n            <\/div>\n          <\/div>\n        <\/div>\n      <\/div>\n    <\/div>\n  <\/div>\n<\/div>","protected":false},"excerpt":{"rendered":"<p>Anillo Esmeralda Imperial Dise\u00f1ado para destacar, creado para durar 890 \u20ac Cada detalle [&hellip;]<\/p>\n","protected":false},"author":1,"featured_media":0,"parent":0,"menu_order":0,"comment_status":"closed","ping_status":"closed","template":"page-templates\/full-width-page.php","meta":{"footnotes":""},"class_list":["post-175","page","type-page","status-publish","hentry"],"jetpack_sharing_enabled":true,"_links":{"self":[{"href":"https:\/\/gracious-mendeleev.217-13-84-160.plesk.page\/index.php?rest_route=\/wp\/v2\/pages\/175","targetHints":{"allow":["GET"]}}],"collection":[{"href":"https:\/\/gracious-mendeleev.217-13-84-160.plesk.page\/index.php?rest_route=\/wp\/v2\/pages"}],"about":[{"href":"https:\/\/gracious-mendeleev.217-13-84-160.plesk.page\/index.php?rest_route=\/wp\/v2\/types\/page"}],"author":[{"embeddable":true,"href":"https:\/\/gracious-mendeleev.217-13-84-160.plesk.page\/index.php?rest_route=\/wp\/v2\/users\/1"}],"replies":[{"embeddable":true,"href":"https:\/\/gracious-mendeleev.217-13-84-160.plesk.page\/index.php?rest_route=%2Fwp%2Fv2%2Fcomments&post=175"}],"version-history":[{"count":6,"href":"https:\/\/gracious-mendeleev.217-13-84-160.plesk.page\/index.php?rest_route=\/wp\/v2\/pages\/175\/revisions"}],"predecessor-version":[{"id":247,"href":"https:\/\/gracious-mendeleev.217-13-84-160.plesk.page\/index.php?rest_route=\/wp\/v2\/pages\/175\/revisions\/247"}],"wp:attachment":[{"href":"https:\/\/gracious-mendeleev.217-13-84-160.plesk.page\/index.php?rest_route=%2Fwp%2Fv2%2Fmedia&parent=175"}],"curies":[{"name":"wp","href":"https:\/\/api.w.org\/{rel}","templated":true}]}}